
2
What is the remainder when 47 is divided by (33 + -6)*2/3?
11
Calculate the remainder when 1*(59 + -2 + 1 - 3) is divided by 14.
13
Suppose 0 = -3*r + 3 - 0. Let y(i) = r + 3*i - i - i. What is the remainder when 17 is divided by y(5)?
5
Calculate the remainder when 134 is divided by (4 - (-10)/(-6))/((-2)/(-30)).
29
Let v(d) = d**3 - 7*d**2 - 7*d + 20. What is the remainder when 81 is divided by v(8)?
25
Let w(b) = 2*b**3 + 4*b**2 + b - 3. Let s be (-9)/12*(4 - 0). Let k be w(s). Let j = 74 + k. Calculate the remainder when j is divided by 17.
16
Let m = 2 - 2. Suppose 6*u - 2*u - 124 = m. Calculate the remainder when 61 is divided by u.
30
Let v = -63 + 108. Calculate the remainder when v is divided by 16.
13
Suppose -2*a + 143 = 3*j + 31, -4*a + 4*j + 264 = 0. Calculate the remainder when a is divided by 21.
20
Suppose -149 = -2*p - 33. Let d = p + -27. Calculate the remainder when d is divided by 17.
14
Let b(g) = 2*g - 7. Let h(z) = z - 3. Let n(k) = -3*b(k) + 5*h(k). Let c(v) = -v**2 - 5*v + 1. Calculate the remainder when n(-7) is divided by c(-3).
6
Suppose 6*j = 7*j - 5. Suppose j*w + 2*n - 60 = -3*n, n = 0. What is the remainder when 33 is divided by w?
9
Suppose -d - 35 = -6*d. Suppose -3*m + 2*s = 6*s - 54, -4*m - 4*s + 72 = 0. Calculate the remainder when m is divided by d.
4
Let y(g) = 8*g**2 - 2*g + 1. Calculate the remainder when y(1) is divided by (5/(50/4))/(8/40).
1
Suppose m - 88 = -m. Calculate the remainder when m is divided by 12.
8
Let f = 7 - 2. Let z(j) = -j**3 + 4*j**2 + 7*j - 1. What is the remainder when 16 is divided by z(f)?
7
Let d be 15/(-4) - 24/(-32). Calculate the remainder when (-2)/d - 704/(-24) is divided by 8.
6
Suppose -19 = 3*c - 61. What is the remainder when c is divided by 8?
6
Suppose 2*k + 2*k = 24. Suppose -2*a + k = -0*a. What is the remainder when a is divided by 2?
1
Let b be 2 - ((1 - 0) + -2). Suppose o - 61 = -o + 5*q, b*o + 3*q - 39 = 0. What is the remainder when 34 is divided by o?
16
What is the remainder when (-1270)/(-70) + (-2)/14 is divided by 7?
4
Suppose d - 27 = -2*d. Calculate the remainder when d is divided by 6.
3
Suppose -q = 3*n + q - 23, -2*n + 2 = -2*q. Suppose n*f - 4*s = -s + 434, 3*f - 261 = 2*s. Calculate the remainder when f is divided by 29.
27
Let g = -32 + 16. What is the remainder when (60/g)/((-2)/8) is divided by 4?
3
What is the remainder when 62 is divided by (-14)/(-63) - 142/(-9)?
14
Let b(r) = r**3 + r**2 + 27. Suppose -66 = -4*z + 5*l, l - 8 = -z + 4. What is the remainder when b(0) is divided by z?
13
Let u = -4 + 11. Let a(g) = -g + 12. What is the remainder when 14 is divided by a(u)?
4
Let z be 1*(5 - 2/2). Suppose -z*n + 7 = -37. Calculate the remainder when 19 is divided by n.
8
Let g(n) = -3*n**2 + 8*n - 5. Suppose 0 = 2*d + 8. Let k(l) = -l**2 + 3*l - 2. Let i(m) = d*g(m) + 11*k(m). What is the remainder when 7 is divided by i(2)?
3
Suppose -38 = -5*b + 32. Calculate the remainder when b is divided by 4.
2
Suppose -2 - 2 = -4*x. Let p = -1 - 7. Let j(z) = -z**3 - 9*z**2 - 7*z + 9. Calculate the remainder when x is divided by j(p).
0
Let m = 40 - 6. What is the remainder when 133 is divided by m?
31
Suppose 3*m + 30 = 3*k, 6*m - 2*m = -20. Suppose -2*l = 4*v - v - 4, k*l - 10 = 3*v. What is the remainder when 3 is divided by l?
1
Suppose 2*q - 2*n = -q + 55, 61 = 3*q + 4*n. What is the remainder when 36 is divided by q?
17
Let y be 2/(-9) - (-8013)/(-27). Let o be 2/7 - y/63. Let b(a) = 2*a + 2. Calculate the remainder when b(o) is divided by 7.
5
What is the remainder when 43 + 0 + 2 + -1 is divided by 23?
21
Let r = 0 + 2. Let s be (15*1)/(-3) + r. What is the remainder when 20*1 + s + 4 is divided by 11?
10
What is the remainder when (-3)/1 + (-108)/(-6) is divided by 8?
7
Let p be -4*(0 + (-213)/12). Let b = p + -37. Suppose 2 = z - 10. Calculate the remainder when b is divided by z.
10
Suppose -2*o - 8*o + 120 = 0. What is the remainder when 0/(1 + 0) - -23 is divided by o?
11
Let o be (-8)/(-24) + 166/6. Let c = o - 7. Calculate the remainder when 40 is divided by c.
19
Suppose -o = -4*v + 32, 0 = 2*v + v - 2*o - 19. Calculate the remainder when 24 is divided by v.
6
Suppose -7*z + 20 = -3*z. Suppose -z*k + 79 = -36. Calculate the remainder when k is divided by 12.
11
Let v = 46 - 31. Let r = v - -4. Suppose -35 = -2*d - 3*d. Calculate the remainder when r is divided by d.
5
Suppose 2*m + 0*m + 3*t + 1 = 0, -5*m = 5*t - 5. Calculate the remainder when 14 is divided by m.
2
Let y be (0 + 2 + 9)*44. Suppose -2*r = 2*r - y. Let g = -69 + r. What is the remainder when g is divided by 18?
16
Suppose 4*f - 3*i + 22 = -i, -2*f + 3*i - 17 = 0. Let l = 0 + f. What is the remainder when 35 is divided by (-74)/l + (-2)/4?
17
Suppose -12 = 3*v - 4*w - 2, 4*v + 4*w - 24 = 0. What is the remainder when 45 is divided by (v/(-5))/((-6)/240)?
13
Let v = 118 - 68. Suppose -4*l + n = -30, -l + 5 = -n - 4. Suppose -2*a + l*a - 2*d - 87 = 0, -2*a - d + 33 = 0. What is the remainder when v is divided by a?
16
Let w(v) = 2*v + 5*v**2 - 3 + 0*v - 3*v + v**3. Suppose 19 = -5*o - 2*c, c = 3 - 0. What is the remainder when 4 is divided by w(o)?
0
Suppose 3*m - 2*m = 4*c + 16, 5*c + 4*m = 1. What is the remainder when (96/(-20))/(c/10) is divided by 9?
7
Let s(h) = h + 6. Let y be s(-8). What is the remainder when (-62)/4*(-4 - y) is divided by 16?
15
Suppose -4*z - 17 = 19. What is the remainder when 46 is divided by 14 + (-3)/(z/6)?
14
Let k = 3 + 1. Let w be (-2)/(-2) - (1 - 0). Suppose 5*t - 5*y - 10 = w, k*y - 10 = -2*t + 3*t. What is the remainder when 17 is divided by t?
5
Let u(y) = 15*y - 2. What is the remainder when u(6) is divided by 10?
8
Let g = 10 + -7. Suppose 0*z - 37 = -3*x - 4*z, -4*z + 23 = x. Calculate the remainder when x is divided by g.
1
Suppose 4*d + 22 = -0*n + n, 5*n - 161 = 3*d. Let h be -25 - (1 - 0)*-1. Let v = h + n. What is the remainder when v is divided by 4?
2
Let v(d) = -d**2 + 7*d + 18. Let r be v(9). Calculate the remainder when 108 is divided by 1/((4 - r)/148).
34
Suppose -2*m = -4*m. Suppose 5 + m = -t, 4*y = t + 117. What is the remainder when y is divided by 10?
8
Let w(j) = 2*j**2 + j - 5. What is the remainder when w(-4) is divided by 6?
5
Suppose 50 = -5*u + 4*c, 4*c = -3*u - 2 + 4. Calculate the remainder when ((-14)/(-3))/((-2)/u) is divided by (5 - 1)/((-1)/(-2)).
6
Let q(x) = x**2 - 9*x. Calculate the remainder when 37 is divided by q(10).
7
Let b(j) = 2*j - 21. Calculate the remainder when (-15)/((-3)/8*2) is divided by b(14).
6
Let p = -11 - -1. Calculate the remainder when 73 is divided by ((-45)/(-6))/(-3)*p.
23
Suppose 13*t + 218 = 608. What is the remainder when 148 is divided by t?
28
Let r = 34 - 24. Let i(q) = -23 + 23 + q. What is the remainder when r is divided by i(6)?
4
Suppose 4*g + 9 = i, -2*i + 8 = -5*g - 1. Calculate the remainder when 244/(4/(5 + i)) is divided by 31.
29
Let s = -6 - -11. Let o = -5 - 3. Calculate the remainder when (-24)/o - 6/(-1) is divided by s.
4
Suppose 0 = -4*c - 8 + 32. Let o be 2/8 + 2/(-8). Suppose o = -b + 8 + 3. What is the remainder when b is divided by c?
5
What is the remainder when (12/(-1))/(1/(-5)) is divided by 16?
12
Suppose 4*w - 2*b = 10, -w + 10 = 4*w - 3*b. Suppose -3*m + 4*h = -8*m + 220, 4*m - w*h - 135 = 0. What is the remainder when m is divided by 21?
19
Let v(q) = 0*q**3 + 2 + 2*q - 13*q**2 + 3*q**2 + q**3. Let h = 31 + -21. Calculate the remainder when v(h) is divided by 12.
10
Let o = 14 + -7. Suppose 182 = -n + 8*n. What is the remainder when n is divided by o?
5
Suppose -w + 5*k - 2*k + 29 = 0, 0 = 4*k - 16. What is the remainder when w is divided by 15?
11
Suppose 0 = 3*g + 4*q - 37, -2*g = q + 1 - 29. Let s(z) = z + 2. Calculate the remainder when g is divided by s(7).
6
Let a = 32 + -22. Suppose 7*m - 6*m = 7. What is the remainder when a is divided by m?
3
Let g(h) = -3*h - 17. Let z be (-4)/((-16)/(-12))*4. Calculate the remainder when 37 is divided by g(z).
18
Let w(d) = -d + 9. Let c be w(10). Let r = c + 27. What is the remainder when r is divided by 7?
5
Suppose 2*h + c + 3 = 2*c, -2*h - 2*c + 12 = 0. Let r = 2 + 2. Suppose -r*j = -f - 11, -4*f - 11 = 2*j - 3. What is the remainder when j is divided by h?
0
Let f = 64 + -39. Calculate t